 digit of o?
4
Let d(y) = 17*y - 67. Let k = 277 + -266. What is the tens digit of d(k)?
2
Let w be 26/8 - (-2)/(-8). Suppose -156*m = -130*m - 1144. Suppose w*i = -8*i + m. What is the units digit of i?
4
Let f = -2334 + 3271. Suppose -3*d + f - 351 = a, -4*d = 3*a - 1738. What is the tens digit of a?
7
Let r = -6092 + 8094. What is the units digit of r?
2
Let d(a) = -2 + 6*a + 9 - a + 6*a. Let q be 1/9*3 - (-5)/3. What is the units digit of d(q)?
9
What is the units digit of 41237 - ((-221)/13 - -4)?
0
Let o be (-6)/(-4)*(-892)/(-223). Let g(y) = -9*y**2 - 4*y + 7. Let d(v) = 26*v**2 + 12*v - 20. Let a(p) = 6*d(p) + 17*g(p). What is the tens digit of a(o)?
3
Let c(n) = -854*n + 1469. What is the thousands digit of c(-5)?
5
Suppose -1938 = 5*n + 5*s + 532, -s = -n - 486. Let i = 1065 - n. What is the hundreds digit of i?
5
Let d(x) = 1058*x**2 + 43*x + 35. What is the units digit of d(7)?
8
Let u(p) = 5*p**2 - 59*p + 345. What is the ten thousands digit of u(55)?
1
Let t be -1*37*(-26 + 29). Let w = -108 - t. Suppose 5*g + 2*b - 440 - 381 = 0, -4*g = -w*b - 666. What is the hundreds digit of g?
1
Let i(c) = c**3 - 44*c**2 - 132*c + 123. What is the hundreds digit of i(55)?
1
Suppose -r + 193 = -l - 684, 0 = 2*r - 5*l - 1757. Suppose 5*q + q - r = 0. What is the units digit of q?
6
Let m(y) = -75*y**2 - 8*y + 7. Let n be m(1). Let d = 68 - n. What is the hundreds digit of d?
1
Suppose -4*q - 254 = -2*h, -5*q - 2*h = 309 + 22. Let x(n) = n**3 - n - 13. Let c be x(0). What is the units digit of c/q + (-84)/(-5)?
7
Let k be 1 + 8/(-4) + 3. Let x be -2*(k + -2*3). Suppose d = x - 2. What is the units digit of d?
6
Let c(u) = 9*u + 16. Let z(r) = -43*r - 77. Let p(v) = -33*c(v) - 6*z(v). What is the units digit of p(-23)?
1
Suppose -123266 = -3128*g + 3102*g. What is the tens digit of g?
4
Let w(r) = -1078*r - 13751. What is the units digit of w(-83)?
3
Suppose -3*q + 16 = -4*q. What is the hundreds digit of (-1 - 2912/(-5)) + q/40?
5
Let y = 46 - 54. Let v = 10 - y. Suppose 5*h = 5*f - 13 - 7, 3*h - v = -3*f. What is the units digit of f?
5
Let c(q) be the third derivative of 13*q**4/24 + q**3/3 - 4*q**2. What is the units digit of c(5)?
7
Let u = -4 - -9. Suppose 2*i = -u*i + 2982. Suppose 123 = -3*y + 3*t + i, 3*y = -2*t + 293. What is the units digit of y?
9
Let n(m) = -11*m**2 - m + 57. Let k(w) = -10*w**2 - 2*w + 55. Let a(i) = -7*k(i) + 6*n(i). What is the units digit of a(-7)?
7
Let a = 205 + -205. What is the units digit of 1512/9*((-1)/(-3) + a)?
6
Suppose -h - 3 = -j - 0, -2*h = j + 6. Suppose j*b + b = -u + 11, -5*b = 2*u - 52. Suppose -13*n + 12*n = -b. What is the units digit of n?
0
Let y(v) = 19*v - 204. Let p be y(11). Suppose 0 = n - p, 1070 - 4425 = -5*z - 5*n. What is the tens digit of z?
6
Let f = -19275 - -34344. What is the hundreds digit of f?
0
Suppose -4*o = -5*t + 20, t - 2*t + 3*o + 15 = 0. Let u = t - 0. Suppose u = 2*y - 59 - 43. What is the tens digit of y?
5
Let d = 29341 - 14829. What is the tens digit of d?
1
Let d = 40 - 356. Let h = 446 + d. What is the tens digit of h?
3
Let g(s) = -s**3 + 25*s**2 - 44*s**2 + 23*s**2 + 6 + 11*s. Let t be g(6). Suppose 595 = 7*d - t*d. What is the units digit of d?
5
Let b(c) = c**3 - 6*c**2 + 21*c + 9. Let z be b(13). Let j = z + -597. What is the hundreds digit of j?
8
What is the tens digit of ((-6888)/(-70))/((-30)/(-100))?
2
Let j(i) = -i**2 - 12*i + 24. Let p be j(-14). Let o(h) = 13*h + 13. Let r be o(p). Let d = 61 + r. What is the units digit of d?
2
Let z be 6/18 - 16/(-6). Let r(l) = -z + 0*l + 4*l - l. What is the units digit of r(12)?
3
Let i = 89 + -84. Let y(t) = 3*t**3 - 7*t**2 + 7*t - 7. Let h be y(i). Suppose -k + h - 27 = 0. What is the tens digit of k?
0
Let i = 83 + -83. What is the units digit of 4/(60/(-5105))*(i + -3)?
1
Suppose 4*i + 23 = 3*m - 18, 5*m + 2*i = 25. Suppose m*a = 2*a. Suppose a = -f + 3*n + 264, f - 5*n - 30 = 242. What is the tens digit of f?
5
Let w = -58 - -61. Suppose 2*g - s + 59 = w*g, 4*g - 4*s - 220 = 0. What is the units digit of g?
7
What is the tens digit of 2415241/248 + 3/24 + -3?
3
Let k(u) = -24*u + 198. Let a be k(8). Suppose -5*t - 5*r + 4075 = 0, -3*t + a*t - r = 2437. What is the hundreds digit of t?
8
Let h be (4/(-6))/(2/(-405)). Suppose 4*i + 4*s - 9*s = h, -2*i + 95 = 3*s. What is the units digit of i?
0
Suppose 187*d - 172*d - 45775 - 83150 = 0. What is the units digit of d?
5
Let d(a) = a**2 - a - 1. Let t be d(8). Suppose -15*v - 78 = -17*v. Suppose v = -2*n + t. What is the units digit of n?
8
What is the thousands digit of ((-152)/(-57))/(((-5)/25)/((-9642)/20))?
6
Let k = 25858 + -13593. What is the tens digit of k?
6
Let a(g) = 7*g**2 - 4. Let i be a(-1). Suppose 60 = i*w - 1713. What is the units digit of w?
1
Let p = -1018 - -1580. Suppose -7*u + 2861 = -p. What is the hundreds digit of u?
4
Let k(d) = 7*d - 11. Let y be k(2). Let a(f) = -5*f**2 - 7. Let p(w) = -16*w**2 - 21. Let m(i) = 8*a(i) - 3*p(i). What is the tens digit of m(y)?
7
Suppose -4*m + 3*m + 8 = 0. What is the tens digit of 4 - (m - 5) - (-378 + -1)?
8
Suppose -s + 3*w + 8722 = 0, 0 = -104*s + 108*s + w - 34888. What is the units digit of s?
2
Let o(q) = -10*q + 14. Let y be o(0). Suppose -4489 = -y*r + 705. What is the tens digit of r?
7
Let s(t) = -284*t - 22. Let f be 4/(3*(-4)/12). What is the units digit of s(f)?
4
Suppose 38 + 130 = -4*j. Let n = -21 - 51. Let k = j - n. What is the tens digit of k?
3
Let a be ((-899)/(-62))/((-1)/3600). What is the tens digit of (4/6)/((-80)/a)?
3
Let p(m) = m**3 - 13*m**2 - 14*m - 28. Let q be p(14). What is the units digit of 7/(-28) - 19523/q?
7
Let j(g) = 39*g + 28. Let x(q) = -3. Let t(d) = -j(d) - x(d). What is the hundreds digit of t(-11)?
4
Let v be ((-8)/(-10))/((-594)/(-120) + -5). Let d be (-1313)/(-4) - 12/v. Suppose -5*z = -5*x + 380, 4*x = 2*z - 3*z + d. What is the tens digit of x?
8
Suppose 1001 = 5*x + 4*c - 812, 5*c + 1795 = 5*x. Suppose 0 = 23*k + 4 - 119. Suppose -k*q = -h - x, h - 65 = -q + 3*h. What is the units digit of q?
3
Let a = -850 + 5315. What is the units digit of a?
5
Let s(g) = 81*g - 2. Let d be s(2). Suppose 87 = -2*x - 4*a - 19, -x - 32 = -5*a. Let t = d + x. What is the tens digit of t?
1
Let f = 49668 + -11056. What is the tens digit of f?
1
Suppose -5*b + 9187 = -5*i - 31818, i + 24599 = 3*b. What is the tens digit of b?
9
Let q(h) be the third derivative of -29*h**5/60 - h**4/8 + 13*h**2. Let k be q(3). What is the hundreds digit of (1 - (-2)/(-4))/((-1)/k)?
1
Let y(f) = 327*f + 219. Let b = 763 - 759. What is the thousands digit of y(b)?
1
Let w(l) be the second derivative of -l**4/12 + 8*l**3/3 + l**2 - 5*l - 4. What is the units digit of w(11)?
7
Suppose 67*k = 175*k + 684426 - 1720362. What is the units digit of k?
2
Let i(a) = -13*a - 13. Let w(g) = -6*g - 7. Let z(j) = -4*i(j) + 7*w(j). Let o be (-23)/(-7) + 9 + 130/(-14). What is the tens digit of z(o)?
3
Suppose 3*j = 4*t - 8, 0*t + t - 2*j + 3 = 0. Let g(w) = -w - 8. Let i(l) = 32*l - 16. Let d(q) = g(q) + i(q). What is the units digit of d(t)?
1
Let w be (-76)/(-5) + 4/(-20)*1. Suppose -1755 = -5*g - 5*a, -1785 = w*g - 20*g + 5*a. What is the hundreds digit of g?
3
Suppose 0 = c + l - 8405, 20*l - 22*l = 16. What is the thousands digit of c?
8
Suppose m + 8 = -m. Let u = 448 - m. What is the hundreds digit of u?
4
Suppose 8*h - 7*h - 3*s - 27462 = 0, -4*s - 82426 = -3*h. What is the thousands digit of h?
7
Suppose 2*k - 14 - 2 = 0. Suppose -k*a = -583 - 1193. Suppose 3*i + 3*s - a = 0, -5*i = -3*i + 4*s - 140. What is the units digit of i?
8
Suppose -x + 3 = 0, -4*i + 151771 + 15628 = 5*x. What is the ten thousands digit of i?
4
Let m = 75 - 100. What is the units digit of (-1230)/m*(-30)/(-12)?
3
Suppose p = d - 2*d + 242, -4*p = -4. Let n = d - -706. What is the tens digit of n?
4
Let k(y) = -y - 8. Let z be k(-10). Let n = 514 - 428. Suppose -3*d - z*d = -4*x - 166, -x + n = 3*d. What is the tens digit of d?
3
Suppose 26*l - 44 = 15*l. Suppose -2*f + 4852 = -4*w + 12438, 3796 = 2*w - l*f. What is the thousands digit of w?
1
Let q = -56010 + 85823. What is the hundreds digit of q?
8
Let t be (1*(-2)/(-6))/(37/100233). What is the hundreds digit of t/((-12)/9 - 14/(-6))?
9
Suppose 7*d + 1209 + 681 